at is j(19)?
31
Let x(s) = 14*s**2 - 3*s - 2. Determine x(-2).
60
Let f(h) = -3*h - 37. Give f(-12).
-1
Let j(r) = -10*r**2. Calculate j(1).
-10
Let k(u) = 9*u**2 - 2*u - 1. Calculate k(-1).
10
Let i(f) = 52*f**3 - 3*f**2 + 1. Give i(1).
50
Let o(a) = -3*a - 18. What is o(-4)?
-6
Let y(b) = -b**2 - 25*b - 142. Give y(-9).
2
Let v(a) = -44*a - 132. What is v(-3)?
0
Let p(g) = g**2 - g - 10. Calculate p(9).
62
Let j(r) = -8*r**2 + 3*r + 3. Determine j(-1).
-8
Let d(z) = z**2 - 8*z + 9. Calculate d(7).
2
Let x(v) = v**3 + 19*v**2 + 82*v - 20. Calculate x(-12).
4
Let h(w) = -w**3 + 4*w**2 - w - 2. Determine h(-3).
64
Let d(x) = -2*x**2 - 10*x + 6. What is d(-8)?
-42
Let i(x) = x**3 + 7*x**2 - 10*x - 19. Give i(-8).
-3
Let l(y) = -y**3 - 12*y**2 + 14*y - 11. What is l(-13)?
-24
Let q(d) = 2*d**2 + 37*d + 62. Give q(-18).
44
Let u(n) = 5*n - 84. Calculate u(13).
-19
Let y(s) = 8*s**2 - 11*s + 10. Calculate y(1).
7
Let a(k) = -k - 17. Give a(10).
-27
Let i(k) = 11*k + 112. Calculate i(-9).
13
Let a(w) = w**3 - w**2 + 1. Calculate a(-2).
-11
Let l(a) = -a**3 + 23*a**2 + 53*a - 58. What is l(25)?
17
Let g(z) = -2*z**2 + z + 9. Determine g(0).
9
Let d(h) = -2*h**3 - 7*h**2 - 6*h. Calculate d(-4).
40
Let q(v) = v**3 - 4*v**2 + 10*v - 17. Give q(3).
4
Let n(k) = -5*k**2 + 41*k - 5. What is n(8)?
3
Let h(d) = -d**3 + 20*d**2 - 18*d - 8. Calculate h(19).
11
Let h(r) = r**3 + 6*r**2 - 4*r + 36. Calculate h(-8).
-60
Let z(x) = 6*x - 18. Give z(4).
6
Let z(x) = -41*x + 288. What is z(7)?
1
Let s(a) = -4*a - 3. What is s(3)?
-15
Let v(h) = -h**2 + 11*h - 6. Determine v(5).
24
Let y(g) = -g**3 - 5*g**2 - 5*g + 12. Give y(-5).
37
Let q(j) = 50*j. What is q(0)?
0
Let r(o) = o**3 + 5*o**2 - 15*o - 16. Determine r(-7).
-9
Let s(p) = -26*p - 9. Calculate s(-1).
17
Let t(x) = -3*x**2 - x - 1. What is t(-1)?
-3
Let i(h) = -h**3 + 15*h**2 + 2*h - 25. Calculate i(15).
5
Let m(r) = -8*r - 16. Determine m(-11).
72
Let i(f) = -5*f + 152. Determine i(20).
52
Let c(u) = -25*u - 42. Calculate c(-2).
8
Let k(x) = x + 37. Determine k(5).
42
Let o(j) = -2*j**2 - 16*j + 16. What is o(-9)?
-2
Let u(o) = o + 2. What is u(9)?
11
Let m(s) = -20*s + 101. Calculate m(5).
1
Let y(n) = -2*n**2 - 13*n - 6. Calculate y(-7).
-13
Let s(n) = -n**2 - 19*n + 68. Give s(3).
2
Let p(t) = 2*t**2 - 7*t + 11. Determine p(5).
26
Let k(i) = i**2 - 7*i + 4. Determine k(7).
4
Let b(f) = -f**3 + 20*f**2 + 3*f - 61. Determine b(20).
-1
Let k(q) = -q**3 + 9*q**2 - 22*q - 6. Determine k(3).
-18
Let u(j) = j**2 - 31*j - 43. What is u(32)?
-11
Let j(m) = -m**3 + m**2 + 2*m + 1. Calculate j(4).
-39
Let j(u) = 6*u - 34. Determine j(7).
8
Let l(f) = 15*f + 33. Calculate l(-4).
-27
Let s(w) = -w**3 + 16*w**2 - 28*w - 11. Calculate s(14).
-11
Let y(j) = 5*j**2 - 6. Give y(4).
74
Let d(q) = 4*q + 17. Determine d(-6).
-7
Let d(b) = 6*b + 98. Give d(-16).
2
Let o(q) = -24*q + 415. Determine o(17).
7
Let z(u) = u**2 + 10*u + 6. Determine z(-11).
17
Let a(h) = h**3 + 10*h**2 - 9*h + 7. Calculate a(-11).
-15
Let r(k) = -6*k - 90. Calculate r(-14).
-6
Let n(f) = -21*f + 43. Determine n(9).
-146
Let t(r) = -47*r + 462. Calculate t(10).
-8
Let y(v) = -v**3 + 7*v**2 - 2*v + 9. Determine y(7).
-5
Let n(z) = 2*z**2 + 10*z - 51. Calculate n(4).
21
Let f(d) = d**2 - 4*d - 2. What is f(4)?
-2
Let d(p) = p**3 - 2*p**2 - 2*p + 8. Determine d(-4).
-80
Let g(t) = -2*t**3 + 11*t**2 - 11. Calculate g(5).
14
Let c(b) = -10*b + 6. Give c(3).
-24
Let v(u) = u**3 - 26*u**2 - 26*u - 39. Give v(27).
-12
Let o(c) = 2*c + 59. What is o(-12)?
35
Let i(t) = -6*t + 24. Give i(8).
-24
Let x(b) = 3*b**2 - 3*b + 1. Give x(3).
19
Let w(z) = z**3 - 3*z**2 - 18*z - 3. Determine w(-3).
-3
Let y(r) = r**2 - 10*r - 10. Determine y(12).
14
Let x(w) = -2*w**3 + 2*w**2 - 5. Calculate x(0).
-5
Let o(q) = 2*q**2 + 3. Give o(0).
3
Let o(n) = -n**2 + 6*n + 4. Give o(9).
-23
Let o(c) = 2*c - 6. Give o(0).
-6
Let q(u) = -u**2 - u + 3. Determine q(0).
3
Let l(n) = -16*n**3 + 2. Give l(1).
-14
Let g(h) = -12*h + 285. Give g(23).
9
Let k(x) = 2*x**2 + 6*x - 25. Calculate k(7).
115
Let m(b) = -4*b**2 + 4*b + 12. Give m(-2).
-12
Let z(g) = 3*g**2 - 12*g - 14. Determine z(6).
22
Let w(p) = -p**2 - 6*p + 15. What is w(-11)?
-40
Let y(w) = 3*w + 4. Give y(-3).
-5
Let q(b) = b**2 - 8*b + 19. What is q(4)?
3
Let m(k) = 17*k**3 + k**2 - k. Determine m(1).
17
Let c(z) = 16*z**3 - 2*z**2 - z - 1. What is c(-1)?
-18
Let f(t) = -20*t**2 + 2*t - 1. Determine f(1).
-19
Let r(g) = 6*g + 12. Determine r(-8).
-36
Let g(n) = -n**3 - 7*n**2 - 7*n - 7. Give g(-4).
-27
Let a(d) = 2*d + 11. Give a(13).
37
Let q(h) = -7*h + 43. Give q(6).
1
Let b(i) = -i**3 - 23*i**2 + 26*i + 54. Determine b(-24).
6
Let c(f) = -2*f**2 + 40*f + 12. What is c(20)?
12
Let g(k) = -k**3 - 10*k**2 - 2*k - 11. Give g(-10).
9
Let d(j) = j**3 + j**2 - j. What is d(1)?
1
Let c(n) = 36*n + 62. Calculate c(-2).
-10
Let u(w) = 6*w - 6. What is u(-4)?
-30
Let b(r) = -2*r**2 + 10*r - 19. Calculate b(6).
-31
Let c(o) = -2*o**3 + 22*o**2 + 5*o - 23. What is c(11)?
32
Let s(q) = -q**3 - 10*q**2 - 9*q - 6. Determine s(-9).
-6
Let x(q) = 14*q + 2. Calculate x(3).
44
Let d(r) = r + 1. Calculate d(-9).
-8
Let v(y) = -y + 18. What is v(17)?
1
Let f(u) = u**3 - 6*u**2 - 47*u - 14. What is f(-4)?
14
Let v(d) = d**2 + 3*d + 2. Give v(-2).
0
Let p(q) = -q**3 - 7*q**2 - q - 9. Calculate p(-7).
-2
Let c(x) = -24*x**2 + 1. Determine c(1).
-23
Let k(a) = 37*a + 221. Calculate k(-6).
-1
Let y(n) = n**3 + 9*n**2 - 3*n - 15. Calculate y(-7).
104
Let x(r) = -5*r + 22. What is x(5)?
-3
Let o(b) = b**3 + 7*b**2 - 8*b - 5. Determine o(-8).
-5
Let w(s) = -s**3 + 17*s**2 - 11. Calculate w(17).
-11
Let v(y) = 2*y + 1. Calculate v(8).
17
Let d(j) = -j**2 - 5*j. Give d(-3).
6
Let d(n) = -n - 24. Give d(4).
-28
Let c(i) = i**3 - 33*i**2 - 38*i + 112. What is c(34)?
-24
Let c(v) = -3*v - 102. Give c(-22).
-36
Let p(u) = 9*u - 96. What is p(9)?
-15
Let h(l) = -6*l + 15. Determine h(11).
-51
Let k(w) = -w**2 - 16*w - 123. Give k(-9).
-60
Let n(h) = h - 18. What is n(18)?
0
Let s(y) = y - 76. What is s(30)?
-46
Let x(g) = -6*g**3 + 2*g - 1. Determine x(1).
-5
Let i(p) = -p**3 + 6*p**2 + 6*p + 6. What is i(7)?
-1
Let d(s) = s**2 + 9*s - 11. What is d(-10)?
-1
Let y(b) = 2*b + 2. What is y(28)?
58
Let j(i) = 5*i - 1. Calculate j(-2).
-11
Let k(d) = 4*d**3 + 4*d**2 + 5*d + 5. Calculate k(-2).
-21
Let y(a) = -a**2 + 39*a - 97. Determine y(37).
-23
Let m(u) = -5*u**2 - 3*u + 1. What is m(-2)?
-13
Let v(m) = -21*m - 13. Determine v(0).
-13
Let q(r) = r**2 - r - 10. Determine q(-3).
2
Let i(g) = 3*g**2 - 5*g + 23. What is i(5)?
73
Let x(f) = 14*f**3 - 3*f + 2. Determine x(1).
13
Let g(d) = -2*d + 6. Calculate g(4).
-2
Let s(f) = -f**3 - f**2 - f + 4. Give s(0).
4
Let p(h) = -h**3 - 9*h**2 + 4*h + 20. Determine p(-9).
-16
Let z(p) = p**3 - 8*p**2 - p + 25. What is z(8)?
17
Let r(z) = -z**3 + 6*z**2 - 6*z + 4. Determine r(4).
12
Let x(j) = j**2 - 18*j - 4. Calculate x(19).
15
Let j(d) = 2*d**3 - d**2 - 3*d + 1. Give j(2).
7
Let w(v) = -v**3 + 15*v**2 - 29*v + 31. Calculate w(13).
-8
Let c(y) = y**2 + 16*y + 22. Give c(-15).
7
Let o(g) = 2*g - 2. Determine o(8).
14
Let f(x) = x**3 - 25*x**2 + 65*x + 35. Give f(22).
13
Let r(l) = l**2 - 5*l - 3. Calculate r(7).
11
Let g(o) = 4*o + 29. Calculate g(-6).
5
Let u(w) = -w**2 - 7*w + 2. What is u(-6)?
8
Let j(r) = 77*r - 773. Determine j(10).
-3
Let f(y) = 4*y + 60. What is f(-22)?
-28
Let x(w) = -5*w + 2. Give x(-2).
12
Let i(k) = -2*k - 106. Determine i(-33).
-40
Let c(b) = 12*b + 50. What is c(-9)?
-58
Let n(i) = i**3 + 15*i**2 - 14*i + 24. Calculate n(-16).
-8
Let c(r) = -30*r + 57. Determine c(5).
-93
Let j(p) = 21*p - 5. Calculate j(2).
37
Let k(x) = 10*x + 90. Calculate k(-14).
-50
Let d(r) = -5*r + 5. Determine d(6).
-25
Let p(t) = 4*t + 19. Determine p(9).
55
Let b(j) = 17*j**3 - 2*j**2 - 8*j - 4. Calculate b(-1).
-15
Let v(p) = -7*p + 1. What is v(9)?
-62
Let c(t) = t**2 + 31*t + 14. What is c(-28)?
-70
Let y(d) = d**3 - 2*d**2 - 5*d - 27. Determine y(5).
23
Let d(l) = l - 17. What is d(14)?
-3
Let b(u) = -2*u - 57. What is b(-32)?
7
Let w(b) = b**2 - 9*b + 8. Give w(6).
-10
Let o(z) = z**3 - 3*z**2 - 8*z - 8. Determine o(4).
-24
Let s(x) = x**2 - 7*x - 5. What is s(10)?
25
Let q(h) = -h**2 + 2*h. Calcula